 -w*j = -j - x. What are the prime factors of j?
2, 7, 13
Suppose 69*t + z - 147490 = 65*t, 5*z + 147478 = 4*t. What are the prime factors of t?
2, 11, 419
Let t = -2191 + 3000. What are the prime factors of t?
809
Suppose -8*l + 83747 = -89493. What are the prime factors of l?
5, 61, 71
Let x(l) = 4451*l**2 + 681*l + 2723. List the prime factors of x(-4).
5, 14243
Suppose 2*a + 3*m + 10 = 7, -3*a + 5*m + 43 = 0. Suppose 2*i - a*i + 1574 = w, 0 = 3*w + 5*i - 4708. What are the prime factors of w?
2, 3, 29
Suppose -3*g + 6 = -15. Let m(z) = 27*z - 13*z + 6 + 12 + z**2 - 18*z. List the prime factors of m(g).
3, 13
Suppose -46665 = -8*m - 5*y, -618 = m - y - 6443. What are the prime factors of m?
2, 5, 11, 53
Let i(j) = 129*j + 501. List the prime factors of i(18).
3, 941
Suppose 7*i - 21402 = -j + 4*i, -2*j + 3*i + 42849 = 0. Let q = j - 14928. List the prime factors of q/81 - 1/9.
2, 5
Let y(j) = 5*j + 19. Let k(m) = -6*m - 20. Let b(n) = 4*k(n) + 5*y(n). Let v be b(-11). What are the prime factors of 12/(3*v/88)?
2, 11
Let z = 21082 - 19752. List the prime factors of z.
2, 5, 7, 19
Let v be (785/(-2))/(((-11)/(-2))/11). Let f = v + 1123. List the prime factors of f.
2, 13
Suppose -5*f + 22 = -3*z, 0 = 5*z - 0*z + 20. Let q = -99 + 111. Suppose -2*x - f*x - n + 393 = 0, -4*n = q. What are the prime factors of x?
3, 11
Let t(u) = 4*u**3 - 14*u**2 - 24*u + 52. What are the prime factors of t(11)?
2, 1709
Let w = -5358 - -6053. List the prime factors of w.
5, 139
Suppose 14*s - 538 = 12*s. Suppose -3*v - o - 1 + 3 = 0, o = 3*v - 10. Suppose v*j - 3*j + 2*y + 55 = 0, -4*y = -5*j + s. List the prime factors of j.
53
Suppose 0 = -18*o + 19*o + 2. Let t(p) = 105*p**2 + 8*p + 10. Let h be t(o). Suppose h + 781 = 5*f. What are the prime factors of f?
239
Let g = 1710 - 884. Suppose 0 = -4*a + g + 310. What are the prime factors of a?
2, 71
Let s(d) = -77*d + 532. List the prime factors of s(-35).
7, 461
Let v(f) = -f**2 - 14*f - 39. Let c be v(-6). Suppose c*j - 3*j = 12. Suppose -53 = -4*i + 4*w - 9, 27 = j*i - 3*w. What are the prime factors of i?
2, 3
Suppose -5*y + h = -33, -5*y + 25 = -6*h + h. Suppose 5*q + y*q - 5256 = 0. What are the prime factors of q?
2, 3, 73
Let y(t) = -305*t - 19. Let j be y(-2). Suppose -5*p = 5*l - 565, 2*l - j + 26 = -5*p. What are the prime factors of p?
113
Suppose -3*b = i - 1, 6*i - i - 5 = -4*b. List the prime factors of (-4 + 2 + b - 0) + 720.
2, 359
Suppose -5*x = n - 4*n + 395, -2 = -x. Suppose n*z = 141*z - 2166. What are the prime factors of z?
19
Let b = 244 - 840. Let v = 864 + b. List the prime factors of v.
2, 67
Let u = 139 + -236. Let a(m) = -2*m**2 - 51*m - 14. Let g be a(-22). Let f = u + g. What are the prime factors of f?
43
Let a(y) = 67*y**3 - 2*y**2 + 2. Let l be (-1)/((-1)/7) - (-585)/(-117). List the prime factors of a(l).
2, 5, 53
Suppose 5*g = w - 22, g + 6*w = 7*w - 6. List the prime factors of (1420/8)/(g/(-8)).
5, 71
Let p be 24/(-3) + 4642/2. Let v = p - 1491. List the prime factors of v.
2, 3, 137
Suppose 2*z = 2 - 0. Suppose -z - 19 = -2*b. Suppose b*n - 176 = 164. List the prime factors of n.
2, 17
Let p = -546 - -1129. Let n = p + -506. What are the prime factors of n?
7, 11
Let k(h) be the first derivative of -h**4 + h**3 - 9*h**2/2 - 4*h + 32. List the prime factors of k(-4).
2, 3, 7
Let t(v) be the second derivative of 13*v**3/6 + 4*v**2 - 2*v. Let n(z) = 13*z + 7. Let l(u) = -4*n(u) + 3*t(u). What are the prime factors of l(-5)?
61
Suppose u - 5*p - 65415 + 11688 = 0, -4*u + 3*p + 214891 = 0. List the prime factors of u.
2, 26861
Let x(o) = 129*o + 7. Suppose -4*i - 2*l + 8 = 0, 4*i + 4*l + 6 = 18. Let w be x(i). Let g = -37 + w. List the prime factors of g.
3, 11
Let m(f) = -2*f + 24. Let s be m(12). Suppose 6*u - 3 - 1113 = s. Let o = u + -80. What are the prime factors of o?
2, 53
Suppose -80 = -8*z - 0. Suppose 953 = -z*v - 1127. Let q = -106 - v. List the prime factors of q.
2, 3, 17
Let l(s) be the second derivative of -s**4/12 + 5*s**3/6 - 5*s**2/2 - 24*s. Let b(o) = o**2 - o - 1. Let y(x) = 3*b(x) + l(x). List the prime factors of y(-4).
2
Suppose 24*o - 22*o = 2*g, 4*g = o + 6. Let y be 3/(-2)*(-4)/3. Suppose i + 1 = 0, i = -o*j - y*i + 183. What are the prime factors of j?
3, 31
Suppose -3*x + 454 = 2*l, 0 = x + 4 - 2. Let j = 318 - l. List the prime factors of j.
2, 11
Suppose 2*t = -4*t - 462. What are the prime factors of 7/(t/22) + (-828)/(-1)?
2, 7, 59
Suppose 5599*a - 5616*a = -119765. List the prime factors of a.
5, 1409
Let n(b) = -b + 2. Let q be n(-3). Let d be (12 + -9)/(9/15). Suppose 5*o + 190 = d*h, -q*h + 226 = 2*o + 2*o. What are the prime factors of h?
2, 3, 7
Suppose n - 11504 = o, -48*o + 51*o = -2*n + 23033. List the prime factors of n.
17, 677
Let r(t) = t**2 - 2*t + 6. Let a be r(3). Let j be 1129/(-4 + a - 4). Suppose 9*h - j = 518. What are the prime factors of h?
3, 61
Suppose 9*p - 10*p = -5*v - 26424, -4*v + 12 = 0. Suppose 14*i + 7259 = p. List the prime factors of i.
2, 5, 137
Suppose -2*r - 10 = 0, -4*h + 4*r + 3017 = -3415. Suppose -h = -4*a + 1325. List the prime factors of a.
2, 3, 61
Suppose 2 = -7*s + 16. Let d be (s + (-7)/(-4))*4/1. List the prime factors of -2*(-370)/d*3.
2, 37
Suppose 5*a - 6*g - 2424 = -2*g, -4*a - 2*g = -1960. Suppose -1410 = -0*k + 5*k. Let l = a + k. What are the prime factors of l?
2, 103
Let b(l) = 4*l**3 - l**2 - 3*l + 3. Let h be b(1). Suppose -h*m = n - 2168, -3613 = -5*m - 0*n - 2*n. List the prime factors of m.
3, 241
Let h(x) be the second derivative of 0 - x**2 + 7*x + 37/6*x**4 - 1/3*x**3. List the prime factors of h(-1).
2, 37
Suppose 4*u - 71*g = -68*g + 43416, -4*u + 2*g + 43416 = 0. List the prime factors of u.
2, 3, 67
Let t be 0 + 6/(-2)*(-15)/9. Suppose -2*v + 6 = -4*v + 4*j, -t*v = j + 4. What are the prime factors of (1 - (v - 1))/((-6)/(-136))?
2, 17
Suppose -2*o = -3*t - 65310 + 240727, 4*t - 3*o - 233889 = 0. List the prime factors of t.
3, 73, 89
Let z be (-4 - 2/(-4))*-2 + -3. Suppose 0*d - z*d - 12 = 0, 5*w + 2*d = 7104. What are the prime factors of w?
2, 3, 79
Suppose 43*p - 48 = -5. Let v(k) = 869*k + 5. What are the prime factors of v(p)?
2, 19, 23
Let z be (-22)/(-33) + 130/3. Suppose -z*b - 3399 = -55*b. List the prime factors of b.
3, 103
Suppose -4*v - 119 = -295. Suppose 0 = -0*o + 11*o - 13508. Suppose -v + o = 8*r. List the prime factors of r.
2, 37
Let b be (0 - -1)*3/(-4 - -7). Let u be b/4 - (-3)/(36/669). Let p = -8 + u. List the prime factors of p.
2, 3
Let i be 18/9*-15*(-1)/2. Suppose -5*m + i = -8*m. Let s(p) = -p**3 - 3*p**2 - 5*p - 5. What are the prime factors of s(m)?
2, 5, 7
Let n = 478 + -235. Suppose 2*l - 6 = -h + 6, 0 = -4*l - h + 26. Suppose -n + 103 = -l*x. List the prime factors of x.
2, 5
Let g(n) = 714*n**2 + 26*n - 25. Suppose 9*a + 40 - 49 = 0. List the prime factors of g(a).
5, 11, 13
Suppose 97*p - 93*p - 3*y - 22962 = 0, 4*y + 24 = 0. What are the prime factors of p?
2, 3, 239
Let b be (-2)/4 + 0 - 1/(-2). List the prime factors of -1 - b - (-7)/((-42)/(-318)).
2, 13
Let i(v) = 2*v**2 - v - 9. Let o be i(20). List the prime factors of (1 + 1)/(2/o*3).
257
Suppose -798 = -10*y + 1172. Let h = 340 - y. What are the prime factors of h?
11, 13
Let d = 2327 + -2401. Let k(y) = y**3 + 2*y**2 + 3*y - 1. Let o be k(-4). Let t = o - d. List the prime factors of t.
29
Let k be 195/27 - 2/9. Let l(t) = -t + 10. Let j be l(k). Suppose 4*o - 322 = -j*f, 4*o = 3*o - 5*f + 89. What are the prime factors of o?
79
Suppose -16 = -i - q + 16, -i + 42 = 3*q. Suppose 29*s + 30 = i*s. Let w = s - -88. What are the prime factors of w?
73
Let m(b) = 2*b - 10. Let n be m(7). Suppose -2*l + 3*l = v, -n = v + 3*l. List the prime factors of -3 + 0 - (-1)/(v/(-87)).
2, 3, 7
Let c(u) = 2*u**3 + 6*u**2 + 26*u - 101. List the prime factors of c(9).
31, 67
Let q(h) = 7*h**2 + 25*h + 16. Let a be q(-11). Let z = a - 81. List the prime factors of z.
3, 13
Let n be 33*(217/(-42) - 3/(-2)). Let m = 440 + n. What are the prime factors of m?
11, 29
Suppose 6*m - 2011842 = -51*m + 15*m. What are the prime factors of m?
3, 7, 2281
Let h be (-1)/(3/12) - -6. Suppose t = 3*k - 2*k - 713, h*k - 5*t - 1441 = 0. Suppose w = 1, -4*q - 5*w = 143 - k. What are the prime factors of q?
2, 5, 7
Let